{"id":14,"date":"2023-06-01T12:32:10","date_gmt":"2023-06-01T10:32:10","guid":{"rendered":"https:\/\/sifry.mojedino.cz\/ostrov\/?page_id=14"},"modified":"2025-01-30T13:58:38","modified_gmt":"2025-01-30T12:58:38","slug":"o-hre","status":"publish","type":"page","link":"https:\/\/sifry.mojedino.cz\/ostrov\/o-hre\/","title":{"rendered":"O h\u0159e"},"content":{"rendered":"<div class=\"row justify-content-center lazyblock-cryptomania-basic-column-Ze1y10 wp-block-lazyblock-cryptomania-basic-column\">\n        <div class=\"col col-lg-10 col-xl-8 col-xxl-8\">\n            <div class=\"row\">\n                \n\n<p class=\"is-style-text-perex text-perex\">Co v\u00edte o Velikono\u010dn\u00edm ostrov\u011b? Ur\u010dit\u011b zn\u00e1te sochy moai. Jednu takovou dok\u00e1zal na strakonick\u00e9m s\u00eddli\u0161ti v\u00a0osmdes\u00e1t\u00fdch letech minul\u00e9ho stolet\u00ed rozpohybovat \u010desk\u00fd in\u017een\u00fdr Pavel Pavel. Velikono\u010dn\u00ed ostrov ale nejsou jen sochy! Tenhle nejodlehlej\u0161\u00ed pupek sv\u011bta v\u00a0Tich\u00e9m oce\u00e1nu ukr\u00fdv\u00e1 dal\u0161\u00ed z\u00e1hady a tajemstv\u00ed, i pro Pokiho.<\/p>\n\n\n            <\/div>\n        <\/div>\n    <\/div>\n\n<div class=\"row justify-content-center lazyblock-cryptomania-text-column-L3JzK wp-block-lazyblock-cryptomania-text-column\">\n        <div class=\"col col-lg-10 col-xl-8 col-xxl-8\">\n            <div class=\"row\">\n                <div class=\"col-12 col-lg-8 text-bigger mb-3 mt-2\">\n                    \n\n<p class=\"\">Deskov\u00e1 hra <strong>\u0160ifry Velikono\u010dn\u00edho ostrova<\/strong> v\u00e1s zavede do m\u011bste\u010dka Hanga Roa na Rapa Nui, jak Velikono\u010dn\u00edmu ostrovu \u0159\u00edkaj\u00ed m\u00edstn\u00ed. Poki je mlad\u00fd mu\u017e, kter\u00fd se pr\u00e1v\u011b odtud vyd\u00e1v\u00e1 odhalit, s poz\u016fstalost\u00ed po&nbsp; d\u011bde\u010dkovi, sv\u00e9 ko\u0159eny. Objevuje s tradicemi ostrova i p\u0159\u00edb\u011bhy sv\u00fdch rapanujsk\u00fdch p\u0159edk\u016f. Vystoup\u00e1 na nejvy\u0161\u0161\u00ed horu ostrova, prozkoum\u00e1 kr\u00e1tery vyhasl\u00fdch sopek, lu\u0161t\u00ed rapanujsk\u00fd slovn\u00edk a p\u00e1tr\u00e1 v m\u00edstn\u00edm muzeu.&nbsp;<\/p>\n\n\n\n<p class=\"\"><strong>Otev\u0159ete i vy modrou hern\u00ed krabi\u010dku a u\u017eijte si po\u0159\u00e1dnou \u0161ifrovac\u00ed hru na doma.<\/strong> Tedy spole\u010dn\u00e9 lu\u0161t\u011bn\u00ed z\u00e1ludn\u00fdch \u00fakol\u016f, u kter\u00fdch rozhodn\u011b plat\u00ed, \u017ee v\u00edc hlav v\u00edc vymysl\u00ed.<\/p>\n\n\n\n<p class=\"\">Celou hrou v\u00e1s provede propracovan\u00fd online hern\u00ed syst\u00e9m.<\/p>\n\n\n\n<p class=\"\"><strong>Pozor!<\/strong> Hra je vytvo\u0159ena jako jednor\u00e1zov\u00e1 (p\u0159edpokl\u00e1d\u00e1me, \u017ee budete b\u011bhem hry ps\u00e1t do hern\u00edch materi\u00e1l\u016f). Pokud ji budete cht\u00edt hr\u00e1t opakovan\u011b \u010di ji poslat d\u00e1le n\u011bkomu jin\u00e9mu, ud\u011blejte si p\u0159ed hrou kopii materi\u00e1l\u016f nebo do nich nepi\u0161te a po h\u0159e m\u016f\u017eete vyu\u017e\u00edt mo\u017enost dokoupit od <a href=\"https:\/\/www.mojedino.cz\/sifry-velikonocniho-ostrova-doplnkovy-kod.html\" target=\"_blank\" rel=\"noreferrer noopener\">DINO<\/a> \u010di <a href=\"https:\/\/trails.cryptomania.cz\/product\/sifry-velikonocniho-ostrova-registrace-navic\/\" target=\"_blank\" rel=\"noreferrer noopener\">Cryptomania<\/a> nov\u00fd registra\u010dn\u00ed k\u00f3d. Ten v\u00e1m umo\u017en\u00ed zaregistrovat nov\u00fd t\u00fdm a hr\u00e1t znovu.<\/p>\n\n\n                <\/div>\n            <\/div>\n        <\/div>\n    <\/div>\n\n<div class=\"row justify-content-center lazyblock-cryptomania-basic-column-Z1NvLKl wp-block-lazyblock-cryptomania-basic-column\">\n        <div class=\"col col-lg-10 col-xl-8 col-xxl-8\">\n            <div class=\"row\">\n                \n<div class=\"col-12 col-lg-6 lazyblock-cryptomania-half-column-PtlcR wp-block-lazyblock-cryptomania-half-column\">\n                <div class=\"lazyblock-inner-blocks\">\n\n<h2 class=\"wp-block-heading\">Hra obsahuje:<\/h2>\n\n\n\n<ul class=\"wp-block-list\">\n<li>P\u0159\u00edstupov\u00e9 \u00fadaje do online hern\u00edho syst\u00e9mu,<\/li>\n\n\n\n<li>1 mapu Velikono\u010dn\u00edho ostrova,<\/li>\n\n\n\n<li>6 ob\u00e1lek se zad\u00e1n\u00edm \u00fakol\u016f,<\/li>\n\n\n\n<li>1 pohlednici se zv\u00ed\u0159\u00e1tky a kladkami,<\/li>\n\n\n\n<li>1 pravidla.<\/li>\n<\/ul>\n\n<\/div>\n    <\/div>\n\n<div class=\"col-12 col-lg-6 lazyblock-cryptomania-half-column-Z2uqnbx wp-block-lazyblock-cryptomania-half-column\">\n                <div class=\"lazyblock-inner-blocks\">\n<div class=\"bg-sidebox-light p-4 mb-3 rounded-4 lazyblock-cryptomania-gray-box-ckEtA wp-block-lazyblock-cryptomania-gray-box\">\n                <div class=\"lazyblock-inner-blocks\">\n\n<figure class=\"wp-block-image size-full\"><img loading=\"lazy\" decoding=\"async\" width=\"800\" height=\"646\" src=\"https:\/\/sifry.mojedino.cz\/ostrov\/wp-content\/uploads\/sites\/4\/2025\/01\/materialy_o-hre.png\" alt=\"\" class=\"wp-image-277\" srcset=\"https:\/\/sifry.mojedino.cz\/ostrov\/wp-content\/uploads\/sites\/4\/2025\/01\/materialy_o-hre.png 800w, https:\/\/sifry.mojedino.cz\/ostrov\/wp-content\/uploads\/sites\/4\/2025\/01\/materialy_o-hre-300x242.png 300w, https:\/\/sifry.mojedino.cz\/ostrov\/wp-content\/uploads\/sites\/4\/2025\/01\/materialy_o-hre-768x620.png 768w\" sizes=\"auto, (max-width: 800px) 100vw, 800px\" \/><\/figure>\n\n<\/div>\n    <\/div>\n<\/div>\n    <\/div>\n\n            <\/div>\n        <\/div>\n    <\/div>","protected":false},"excerpt":{"rendered":"","protected":false},"author":2,"featured_media":0,"parent":0,"menu_order":0,"comment_status":"closed","ping_status":"closed","template":"","meta":{"footnotes":""},"class_list":["post-14","page","type-page","status-publish","hentry"],"_links":{"self":[{"href":"https:\/\/sifry.mojedino.cz\/ostrov\/wp-json\/wp\/v2\/pages\/14","targetHints":{"allow":["GET"]}}],"collection":[{"href":"https:\/\/sifry.mojedino.cz\/ostrov\/wp-json\/wp\/v2\/pages"}],"about":[{"href":"https:\/\/sifry.mojedino.cz\/ostrov\/wp-json\/wp\/v2\/types\/page"}],"author":[{"embeddable":true,"href":"https:\/\/sifry.mojedino.cz\/ostrov\/wp-json\/wp\/v2\/users\/2"}],"replies":[{"embeddable":true,"href":"https:\/\/sifry.mojedino.cz\/ostrov\/wp-json\/wp\/v2\/comments?post=14"}],"version-history":[{"count":9,"href":"https:\/\/sifry.mojedino.cz\/ostrov\/wp-json\/wp\/v2\/pages\/14\/revisions"}],"predecessor-version":[{"id":278,"href":"https:\/\/sifry.mojedino.cz\/ostrov\/wp-json\/wp\/v2\/pages\/14\/revisions\/278"}],"wp:attachment":[{"href":"https:\/\/sifry.mojedino.cz\/ostrov\/wp-json\/wp\/v2\/media?parent=14"}],"curies":[{"name":"wp","href":"https:\/\/api.w.org\/{rel}","templated":true}]}}